alculate the remainder when 26331034 is divided by 14.
2
Calculate the remainder when 48633636 is divided by 667.
665
What is the remainder when 684262 is divided by 228030?
172
What is the remainder when 504659199 is divided by 14?
9
Calculate the remainder when 5417906 is divided by 135447.
26
Calculate the remainder when 514922 is divided by 306.
230
Calculate the remainder when 879383322 is divided by 10121.
10116
Calculate the remainder when 9204582 is divided by 135.
12
Calculate the remainder when 15220681 is divided by 247.
47
What is the remainder when 16493902 is divided by 504?
502
Calculate the remainder when 398620973 is divided by 11838.
11837
Calculate the remainder when 24865929 is divided by 197.
195
Calculate the remainder when 439574 is divided by 323.
294
What is the remainder when 1598687 is divided by 69502?
141
What is the remainder when 91318 is divided by 86?
72
Calculate the remainder when 132320 is divided by 2697.
167
What is the remainder when 1307215 is divided by 4963?
1946
What is the remainder when 1503146 is divided by 375785?
6
Calculate the remainder when 84655 is divided by 2016.
1999
Calculate the remainder when 2472545 is divided by 373.
301
What is the remainder when 140165625 is divided by 1117?
1114
What is the remainder when 46690 is divided by 2915?
50
What is the remainder when 173031 is divided by 1002?
687
Calculate the remainder when 127434 is divided by 14156.
30
Calculate the remainder when 775210 is divided by 51651.
445
Calculate the remainder when 26638929 is divided by 201.
198
Calculate the remainder when 1383649 is divided by 172901.
441
What is the remainder when 1290753 is divided by 20818?
37
Calculate the remainder when 262258 is divided by 3718.
1998
What is the remainder when 37242 is divided by 3641?
832
What is the remainder when 45167 is divided by 4315?
2017
Calculate the remainder when 587006 is divided by 152.
134
What is the remainder when 2382958 is divided by 18611?
750
Calculate the remainder when 245770 is divided by 203.
140
What is the remainder when 26585641 is divided by 175?
166
What is the remainder when 1685431 is divided by 337038?
241
What is the remainder when 24687266 is divided by 1287?
32
Calculate the remainder when 4945553 is divided by 175.
53
Calculate the remainder when 70015 is divided by 686.
43
What is the remainder when 1978619 is divided by 16627?
6
What is the remainder when 405966 is divided by 956?
622
Calculate the remainder when 10727 is divided by 10227.
500
What is the remainder when 221575 is divided by 41?
11
Calculate the remainder when 7956737 is divided by 2652207.
116
What is the remainder when 481879221 is divided by 3?
0
Calculate the remainder when 947243 is divided by 1819.
1363
Calculate the remainder when 5919097 is divided by 45.
22
What is the remainder when 1404838 is divided by 14482?
84
Calculate the remainder when 571020 is divided by 290.
10
What is the remainder when 888710 is divided by 362?
0
What is the remainder when 143967822 is divided by 28?
26
What is the remainder when 14270 is divided by 2681?
865
What is the remainder when 20476626 is divided by 243?
231
Calculate the remainder when 137959 is divided by 73.
62
What is the remainder when 43207 is divided by 2056?
31
What is the remainder when 635516 is divided by 196?
84
Calculate the remainder when 51426 is divided by 465.
276
What is the remainder when 125247600 is divided by 21?
9
What is the remainder when 258559 is divided by 4615?
119
Calculate the remainder when 147209 is divided by 367.
42
Calculate the remainder when 16868172 is divided by 14175.
14097
Calculate the remainder when 35717432 is divided by 41.
36
Calculate the remainder when 386570476 is divided by 58.
12
What is the remainder when 2963838 is divided by 740958?
6
What is the remainder when 258151 is divided by 6?
1
What is the remainder when 495238229 is divided by 15?
14
What is the remainder when 983899 is divided by 503?
31
Calculate the remainder when 35574154 is divided by 3952683.
7
What is the remainder when 3850700 is divided by 3850699?
1
What is the remainder when 52732193 is divided by 958767?
8
What is the remainder when 103698 is divided by 2040?
1698
What is the remainder when 1731359 is divided by 32?
31
What is the remainder when 538603 is divided by 1096?
467
What is the remainder when 2231752 is divided by 278968?
8
Calculate the remainder when 40070 is divided by 1177.
52
What is the remainder when 12498853 is divided by 892775?
3
What is the remainder when 9159545 is divided by 4678?
21
What is the remainder when 203029 is divided by 47?
36
Calculate the remainder when 19891227 is divided by 1054.
139
What is the remainder when 572667 is divided by 325?
17
Calculate the remainder when 280793 is divided by 822.
491
Calculate the remainder when 7732916 is divided by 1288814.
32
What is the remainder when 13381527 is divided by 550?
27
Calculate the remainder when 74711 is divided by 377.
65
Calculate the remainder when 1394120 is divided by 87112.
328
What is the remainder when 51780 is divided by 1307?
807
Calculate the remainder when 153173 is divided by 228.
185
What is the remainder when 17841390 is divided by 8920690?
10
What is the remainder when 6184467 is divided by 15?
12
What is the remainder when 310871 is divided by 28235?
286
Calculate the remainder when 2128605 is divided by 280.
45
Calculate the remainder when 5435 is divided by 2241.
953
Calculate the remainder when 1919151 is divided by 1363.
47
What is the remainder when 1066717 is divided by 76192?
29
What is the remainder when 319210 is divided by 1824?
10
What is the remainder when 22838855 is divided by 1759?
1758
What is the remainder when 20032 is divided by 3949?
287
What is the remainder when 112904676 is divided by 356?
344
What is the remainder when 3119187 is divided by 7721?
7624
Calculate the remainder when 133569 is divided by 71.
18
Calculate the remainder when 3973247 is divided by 153.
143
What is the remainder when 139391 is divided by 3395?
196
Calculate the remainder when 14455231 is divided by 4123.
4116
Calculate the remainder when 142958 is divided by 69.
59
Calculate the remainder when 2234163 is divided by 180.
3
Calculate the remainder when 883685 is divided by 22656.
101
Calculate the remainder when 15663 is divided by 6970.
1723
Calculate the remainder when 1813759 is divided by 22119.
1
Calculate the remainder when 3098094 is divided by 690.
684
Calculate the remainder when 1575956 is divided by 36650.
6
Calculate the remainder when 100279 is divided by 535.
234
Calculate the remainder when 221365997 is divided by 2000.
1997
What is the remainder when 305792 is divided by 156?
32
Calculate the remainder when 19723333 is divided by 9.
4
Calculate the remainder when 58247 is divided by 1116.
215
What is the remainder when 476595 is divided by 303?
279
Calculate the remainder when 1383204 is divided by 774.
66
Calculate the remainder when 1459724 is divided by 436.
432
Calculate the remainder when 560993 is divided by 220.
213
What is the remainder when 137593198 is divided by 30?
28
Calculate the remainder when 39919 is divided by 1766.
1067
What is the remainder when 396923 is divided by 99205?
103
Calculate the remainder when 11005529 is divided by 32.
25
What is the remainder when 91495 is divided by 990?
415
Calculate the remainder when 256332 is divided by 8008.
76
What is the remainder when 5812582 is divided by 94?
92
Calculate the remainder when 376465 is divided by 62737.
43
What is the remainder when 74193276 is divided by 587?
585
What is the remainder when 6706738 is divided by 176?
82
Calculate the remainder when 40447 is divided by 311.
17
What is the remainder when 2685197 is divided by 19744?
13
What is the remainder when 3870354 is divided by 162?
12
What is the remainder when 3929911 is divided by 444?
67
What is the remainder when 62532 is divided by 8861?
505
What is the remainder when 10145210 is divided by 5?
0
Calculate the remainder when 1567488 is divided by 65295.
408
Calculate the remainder when 287808 is divided by 143815.
178
What is the remainder when 1388469430 is divided by 3361?
3359
Calculate the remainder when 227052 is divided by 306.
0
C